ist the prime factors of 449144877.
3, 1531, 97789
List the prime factors of 1400707326.
2, 3, 233451221
List the prime factors of 4812195434.
2, 1069, 2250793
What are the prime factors of 366707999?
7, 19, 37, 43, 1733
What are the prime factors of 1690678725?
3, 5, 22542383
List the prime factors of 1003172452.
2, 139, 1804267
List the prime factors of 243689891.
5351, 45541
What are the prime factors of 3149218380?
2, 3, 5, 7, 11, 17, 101, 397
What are the prime factors of 3358890219?
3, 22343, 50111
List the prime factors of 648053993.
97, 6680969
List the prime factors of 296636423.
293, 1012411
What are the prime factors of 8045455?
5, 11, 19, 7699
What are the prime factors of 476579696?
2, 29786231
What are the prime factors of 7364140016?
2, 460258751
What are the prime factors of 133053297?
3, 13, 1789, 1907
List the prime factors of 113305348.
2, 13, 919, 2371
What are the prime factors of 843067607?
37, 197, 115663
List the prime factors of 491045720.
2, 5, 11, 191, 5843
List the prime factors of 255298474.
2, 2861, 44617
What are the prime factors of 51539791?
4603, 11197
What are the prime factors of 11734779?
3, 7, 353, 1583
What are the prime factors of 206012212?
2, 7, 19, 353, 1097
What are the prime factors of 161710900?
2, 5, 13, 19, 6547
What are the prime factors of 18315764?
2, 43, 106487
What are the prime factors of 149903422?
2, 4703, 15937
List the prime factors of 724328767.
724328767
What are the prime factors of 128988293?
7, 18426899
What are the prime factors of 178944906?
2, 3, 7, 29, 146917
List the prime factors of 650617929.
3, 13, 29, 337, 569
What are the prime factors of 3576248107?
89, 40182563
What are the prime factors of 139325942?
2, 7, 37, 268969
List the prime factors of 185708825.
5, 223, 33311
List the prime factors of 2740013014.
2, 1370006507
List the prime factors of 30474951.
3, 13, 781409
What are the prime factors of 3572841733?
9277, 385129
List the prime factors of 52231782.
2, 3, 8705297
List the prime factors of 258294509.
11, 257, 91367
What are the prime factors of 789184932?
2, 3, 65765411
List the prime factors of 166843092.
2, 3, 13, 1069507
List the prime factors of 244941958.
2, 19, 6445841
List the prime factors of 2172136350.
2, 3, 5, 14480909
List the prime factors of 35327238.
2, 3, 1231, 4783
What are the prime factors of 343406796?
2, 3, 773, 37021
List the prime factors of 416219386.
2, 11, 127, 311, 479
What are the prime factors of 8265469?
631, 13099
List the prime factors of 526063190.
2, 5, 29, 1814011
What are the prime factors of 16861873?
7, 19, 126781
List the prime factors of 204724562.
2, 7, 41, 356663
What are the prime factors of 272737610?
2, 5, 1171, 23291
List the prime factors of 39857548.
2, 1487, 6701
List the prime factors of 1869895479.
3, 31, 20106403
What are the prime factors of 329660828?
2, 7, 41, 41023
What are the prime factors of 1744354552?
2, 218044319
What are the prime factors of 1659368946?
2, 3, 17, 16268323
List the prime factors of 1467309470.
2, 5, 11, 13339177
List the prime factors of 5240945015.
5, 53, 19777151
List the prime factors of 1803799761.
3, 601266587
List the prime factors of 3440005026.
2, 3, 4253, 134807
List the prime factors of 360654067.
19, 2437, 7789
What are the prime factors of 841032448?
2, 3285283
What are the prime factors of 583197133?
583197133
What are the prime factors of 651384365?
5, 157, 829789
What are the prime factors of 51543588?
2, 3, 313, 13723
List the prime factors of 1161720655.
5, 719, 323149
What are the prime factors of 1607653935?
3, 5, 19, 98963
List the prime factors of 244868520.
2, 3, 5, 13, 156967
List the prime factors of 822723878.
2, 769, 534931
List the prime factors of 52834981.
809, 65309
List the prime factors of 42891220.
2, 5, 569, 3769
What are the prime factors of 9420228?
2, 3, 261673
What are the prime factors of 1109482466?
2, 19, 151, 193357
What are the prime factors of 4869058?
2, 2434529
List the prime factors of 9175201.
7, 53, 3533
List the prime factors of 94396481.
43, 83, 26449
What are the prime factors of 101866083?
3, 11, 617, 5003
List the prime factors of 377819682.
2, 3, 5501, 11447
List the prime factors of 384306376.
2, 29, 373, 4441
List the prime factors of 79576192.
2, 311, 1999
What are the prime factors of 1804903125?
3, 5, 79, 2437
What are the prime factors of 75928521?
3, 389, 65063
List the prime factors of 69396536.
2, 11, 29, 71, 383
List the prime factors of 38415427.
17, 2259731
What are the prime factors of 6124959739?
6124959739
List the prime factors of 286639417.
47, 491, 12421
What are the prime factors of 3554009?
157, 22637
List the prime factors of 63569228.
2, 397, 40031
List the prime factors of 34527203.
34527203
List the prime factors of 73803452.
2, 809, 22807
What are the prime factors of 230543773?
13327, 17299
What are the prime factors of 10417275?
3, 5, 11, 23, 61
What are the prime factors of 1368948?
2, 3, 7, 43, 379
List the prime factors of 694222025.
5, 7, 59, 71, 947
List the prime factors of 33232069.
13, 331, 7723
List the prime factors of 7766511.
3, 397, 6521
What are the prime factors of 582488787?
3, 194162929
List the prime factors of 51333532.
2, 12833383
List the prime factors of 470389376.
2, 23, 159779
List the prime factors of 172808830.
2, 5, 43, 479, 839
List the prime factors of 17621164.
2, 11, 400481
What are the prime factors of 912250485?
3, 5, 31, 217981
List the prime factors of 2225731863.
3, 41, 18095381
List the prime factors of 34822111.
67, 519733
What are the prime factors of 57079777?
191, 298847
List the prime factors of 85582169.
43, 131, 15193
List the prime factors of 44556574.
2, 22278287
What are the prime factors of 31457762?
2, 7, 89, 25247
List the prime factors of 1173141639.
3, 383, 340337
List the prime factors of 558221325.
3, 5, 7442951
What are the prime factors of 307957568?
2, 1289, 3733
List the prime factors of 60107842.
2, 179, 167899
What are the prime factors of 473769905?
5, 7, 211, 64153
List the prime factors of 1832116768.
2, 83, 689803
What are the prime factors of 53734589?
127, 523, 809
What are the prime factors of 6582594402?
2, 3, 101, 3620789
What are the prime factors of 39210753?
3, 31, 421621
What are the prime factors of 149405802?
2, 3, 7, 13, 31, 97
What are the prime factors of 536848985?
5, 107369797
List the prime factors of 1510091723.
7, 229, 942041
What are the prime factors of 3124488209?
53453, 58453
List the prime factors of 826310818.
2, 413155409
List the prime factors of 3381867.
3, 19, 19777
List the prime factors of 5881317538.
2, 10369, 283601
List the prime factors of 66071565.
3, 5, 7, 139, 503
What are the prime factors of 55876933?
7, 457, 17467
List the prime factors of 278561585.
5, 41, 1358837
What are the prime factors of 62730758?
2, 31365379
List the prime factors of 4353986093.
17, 53, 1021, 4733
List the prime factors of 44907467.
11, 311, 13127
List the prime factors of 42112262.
2, 1423, 14797
What are the prime factors of 67114378?
2, 3271, 10259
What are the prime factors of 794966020?
2, 5, 23, 139, 12433
What are the prime factors of 59874066?
2, 3, 7, 37, 1427
List the prime factors of 28912623.
3, 19, 29, 17491
What are the prime factors of 420892495?
5, 1667, 50497
List the prime factors of 124365570.
2, 3, 5, 7, 592217
What are the prime factors of 343543556?
2, 1877, 45757
What are the prime factors of 62256511?
701, 88811
What are the prime factors of 27562903?
103, 267601
List the prime factors of 39584523.
3, 11, 631, 1901
What are the prime factors of 2611320751?
13, 17, 727, 16253
List the prime factors of 2770075392.
2, 3, 7, 61, 8447
What are the prime factors of 55856189?
97, 575837
What are the prime factors of 1686661806?
2, 3, 19, 23, 643273
List the prime factors of 634066902.
2, 3, 7, 191, 26347
What are the prime factors of 490552285?
5, 98110457
What are the prime factors of 1021986839?
19, 1009, 53309
List the prime factors of 5668308721.
37, 227, 674879
What are the prime factors of 88196430?
2, 3, 5, 7, 457, 919
List the prime factors of 1649715463.
11, 47, 227, 14057
List the prime factors of 1265414960.
2, 5, 15817687
What are the prime factors of 188358012?
2, 3, 137, 181, 211
List the pri